{"id":3465,"date":"2026-01-18T21:02:06","date_gmt":"2026-01-18T20:02:06","guid":{"rendered":"http:\/\/purpose.local\/?page_id=3465"},"modified":"2026-01-19T13:41:02","modified_gmt":"2026-01-19T12:41:02","slug":"barrierefreiheit","status":"publish","type":"page","link":"https:\/\/mrnordic.de\/clients\/purpose\/barrierefreiheit\/","title":{"rendered":"BARRIEREFREIHEIT"},"content":{"rendered":"\t\t<div data-elementor-type=\"wp-page\" data-elementor-id=\"3465\" class=\"elementor elementor-3465\" data-elementor-post-type=\"page\">\n\t\t\t\t\t\t<section class=\"elementor-section elementor-top-section elementor-element elementor-element-1112f84 elementor-section-boxed elementor-section-height-default elementor-section-height-default\" data-id=\"1112f84\" data-element_type=\"section\" data-settings=\"{&quot;background_background&quot;:&quot;classic&quot;}\">\n\t\t\t\t\t\t<div class=\"elementor-container elementor-column-gap-default\">\n\t\t\t\t\t<div class=\"elementor-column elementor-col-100 elementor-top-column elementor-element elementor-element-363ecd0\" data-id=\"363ecd0\" data-element_type=\"column\">\n\t\t\t<div class=\"elementor-widget-wrap elementor-element-populated\">\n\t\t\t\t\t\t<div class=\"elementor-element elementor-element-84f0f6d elementor-widget elementor-widget-heading\" data-id=\"84f0f6d\" data-element_type=\"widget\" data-widget_type=\"heading.default\">\n\t\t\t\t\t<h1 class=\"elementor-heading-title elementor-size-default\">Barrierefreiheitserkl\u00e4rung<\/h1>\t\t\t\t<\/div>\n\t\t\t\t<div class=\"elementor-element elementor-element-a599c8a description spacer p-top-lg elementor-widget elementor-widget-text-editor\" data-id=\"a599c8a\" data-element_type=\"widget\" data-widget_type=\"text-editor.default\">\n\t\t\t\t\t\t\t\t\t<p>Stand: 01.01.2026<\/p><h2>1. Einleitung<\/h2><p>Wir m\u00f6chten, dass die Inhalte auf purpose-partner.de f\u00fcr alle Menschen zug\u00e4nglich sind \u2013 unabh\u00e4ngig von individuellen k\u00f6rperlichen, kognitiven oder technischen Voraussetzungen.<\/p><p>Daher arbeiten wir kontinuierlich daran, die Barrierefreiheit unserer Inhalte und Funktionen zu verbessern. Diese Erkl\u00e4rung beschreibt den aktuellen Stand der Barrierefreiheit und unsere Ma\u00dfnahmen zur weiteren Optimierung.<\/p><h2>2. Geltungsbereich<\/h2><p>Diese Erkl\u00e4rung gilt f\u00fcr die unter der Domain <a style=\"color: #6c6c6c; font-family: 'hero-new', sans-serif;\" href=\"https:\/\/www.kuhl-reklame.de\/\">www.purpose-partner.de<\/a> bereitgestellte Website der Firma Purpose Partner.<\/p><h2>3. Stand der Vereinbarkeit mit den Anforderungen<\/h2><p>Unsere Website ist derzeit teilweise vereinbar mit den Anforderungen der EU-Richtlinie 2016\/2102 zur Barrierefreiheit sowie den internationalen Richtlinien WCAG 2.1 (Level AA).<\/p><p>Wir bem\u00fchen uns, alle Inhalte und Funktionen vollst\u00e4ndig barrierefrei anzubieten, erkennen jedoch an, dass in einigen Bereichen noch Verbesserungsbedarf besteht.<\/p><h2>4. Noch nicht barrierefreie Inhalte<\/h2><p>Zum jetzigen Zeitpunkt sind folgende Bereiche noch nicht vollst\u00e4ndig barrierefrei:<\/p><ul><li>Screenreader-Kompatibilit\u00e4t: Die Website wurde bislang nicht systematisch mit Screenreadern getestet. Es kann daher vorkommen, dass bestimmte Navigationselemente oder Inhalte nicht optimal vorgelesen werden.<\/li><li>PDF-Dokumente: Einige eingebundene oder verlinkte PDF-Dateien sind nicht barrierefrei aufbereitet.<\/li><li>Navigation: Interaktive Komponenten wie Dropdown-Men\u00fcs oder Kontaktformulare k\u00f6nnten f\u00fcr Tastatur- oder Screenreader-Nutzer*innen eingeschr\u00e4nkt nutzbar sein.<\/li><\/ul><h2>5. Ma\u00dfnahmen zur Verbesserung der Barrierefreiheit<\/h2><p>Wir setzen folgende Schritte um, um die Zug\u00e4nglichkeit unserer Website zu verbessern:<\/p><ul><li>Regelm\u00e4\u00dfige \u00dcberpr\u00fcfung und Optimierung der Inhalte gem\u00e4\u00df den WCAG 2.1-Richtlinien.<\/li><li>Erg\u00e4nzung von Alternativtexten f\u00fcr neue Bilder<\/li><li>Planung eines Screenreader-Tests, um konkrete Problemstellen zu identifizieren und zu beheben.<\/li><li>K\u00fcnftige PDF-Dokumente werden m\u00f6glichst barrierefrei erstellt.<\/li><li>Interne Schulungen zur barrierearmen Content-Erstellung.<\/li><\/ul><p>6. Hinweis zur Sprache<\/p><p>Wir sind bem\u00fcht, auf unserer Website eine m\u00f6glichst klare und verst\u00e4ndliche Sprache zu verwenden. Dabei orientieren wir uns an den Grunds\u00e4tzen der einfachen Sprache, um m\u00f6glichst vielen Menschen den Zugang zu unseren Inhalten zu erleichtern.<br \/>Wir weisen jedoch darauf hin, dass nicht alle Inhalte durchgehend in einfacher oder leichter Sprache verfasst sind. Insbesondere bei fachlichen Themen oder technischen Begriffen kann es vorkommen, dass manche Formulierungen nicht f\u00fcr alle Nutzer*innen auf Anhieb verst\u00e4ndlich sind.<br \/>Wenn Sie bestimmte Inhalte nicht verstehen oder Hilfe bei der Interpretation ben\u00f6tigen, z\u00f6gern Sie bitte nicht, uns zu kontaktieren. Wir helfen Ihnen gern weiter.<\/p><h2>7. Feedback und Kontakt<\/h2><p>Sollten Sie auf Barrieren oder Probleme sto\u00dfen, teilen Sie uns dies bitte mit. Ihr Feedback hilft uns, die Zug\u00e4nglichkeit unserer Website weiter zu verbessern.<\/p><p>Kontakt:<br \/>Alexandra Deters<br \/>Purpose Partner<br \/>E-Mail: <a style=\"color: #6c6c6c; font-family: 'hero-new', sans-serif;\" href=\"mailto:info@kuhl-reklame.de\">info@purpose-partner.de<\/a><br \/>Telefon: 0163 369 8817<br \/>Anschrift: Mittelweg 53a, 26127 Oldenburg<\/p><p>Bitte teilen Sie uns mit, auf welcher Seite Sie auf Barrieren gesto\u00dfen sind und \u2013 wenn m\u00f6glich \u2013 beschreiben Sie die Einschr\u00e4nkung so konkret wie m\u00f6glich.<\/p><h2>8. Durchsetzungsverfahren<\/h2><p>Falls Sie mit der Antwort auf Ihre R\u00fcckmeldung nicht zufrieden sind oder Sie keine R\u00fcckmeldung erhalten, k\u00f6nnen Sie sich an die zust\u00e4ndige Durchsetzungsstelle wenden.<\/p><p>Kontakt der Schlichtungsstelle:<\/p><p>Schlichtungsstelle nach dem Behindertengleichstellungsgesetz (BGG)<br \/>Postanschrift:<br \/>Schlichtungsstelle BGG, Bundesministerium f\u00fcr Arbeit und Soziales, 11017 Berlin<br \/>E-Mail: <a style=\"color: #6c6c6c; font-family: 'hero-new', sans-serif;\" href=\"mailto:info@schlichtungsstelle-bgg.de\">info@schlichtungsstelle-bgg.de<\/a><br \/>Website: <a style=\"color: #6c6c6c; font-family: 'hero-new', sans-serif;\" href=\"https:\/\/www.schlichtungsstelle-bgg.de\/\">www.schlichtungsstelle-bgg.de<\/a><\/p><h2>9. Erstellung dieser Erkl\u00e4rung<\/h2><p>Diese Erkl\u00e4rung wurde am 01.01.2026 erstellt und basiert auf einer Selbstbewertung gem\u00e4\u00df den Vorgaben der WCAG 2.1.<br \/>Eine regelm\u00e4\u00dfige \u00dcberpr\u00fcfung und Anpassung dieser Erkl\u00e4rung erfolgt im Rahmen zuk\u00fcnftiger Website-Updates.<\/p>\t\t\t\t\t\t\t\t<\/div>\n\t\t\t\t\t<\/div>\n\t\t<\/div>\n\t\t\t\t\t<\/div>\n\t\t<\/section>\n\t\t\t\t<\/div>\n\t\t","protected":false},"excerpt":{"rendered":"<p>Barrierefreiheitserkl\u00e4rung Stand: 01.01.2026 1. Einleitung Wir m\u00f6chten, dass die Inhalte auf purpose-partner.de f\u00fcr alle Menschen zug\u00e4nglich sind \u2013 unabh\u00e4ngig von individuellen k\u00f6rperlichen, kognitiven oder technischen Voraussetzungen. Daher arbeiten wir kontinuierlich daran, die Barrierefreiheit unserer Inhalte und Funktionen zu verbessern. Diese Erkl\u00e4rung beschreibt den aktuellen Stand der Barrierefreiheit und unsere Ma\u00dfnahmen zur weiteren Optimierung. 2. Geltungsbereich &#8230; <a title=\"BARRIEREFREIHEIT\" class=\"read-more\" href=\"https:\/\/mrnordic.de\/clients\/purpose\/barrierefreiheit\/\" aria-label=\"Mehr Informationen \u00fcber BARRIEREFREIHEIT\">Weiterlesen<\/a><\/p>\n","protected":false},"author":1,"featured_media":0,"parent":0,"menu_order":0,"comment_status":"closed","ping_status":"closed","template":"","meta":{"footnotes":""},"class_list":["post-3465","page","type-page","status-publish"],"_links":{"self":[{"href":"https:\/\/mrnordic.de\/clients\/purpose\/wp-json\/wp\/v2\/pages\/3465","targetHints":{"allow":["GET"]}}],"collection":[{"href":"https:\/\/mrnordic.de\/clients\/purpose\/wp-json\/wp\/v2\/pages"}],"about":[{"href":"https:\/\/mrnordic.de\/clients\/purpose\/wp-json\/wp\/v2\/types\/page"}],"author":[{"embeddable":true,"href":"https:\/\/mrnordic.de\/clients\/purpose\/wp-json\/wp\/v2\/users\/1"}],"replies":[{"embeddable":true,"href":"https:\/\/mrnordic.de\/clients\/purpose\/wp-json\/wp\/v2\/comments?post=3465"}],"version-history":[{"count":19,"href":"https:\/\/mrnordic.de\/clients\/purpose\/wp-json\/wp\/v2\/pages\/3465\/revisions"}],"predecessor-version":[{"id":3734,"href":"https:\/\/mrnordic.de\/clients\/purpose\/wp-json\/wp\/v2\/pages\/3465\/revisions\/3734"}],"wp:attachment":[{"href":"https:\/\/mrnordic.de\/clients\/purpose\/wp-json\/wp\/v2\/media?parent=3465"}],"curies":[{"name":"wp","href":"https:\/\/api.w.org\/{rel}","templated":true}]}}